s of 858?
2, 3, 11, 13
What are the prime factors of 247?
13, 19
What are the prime factors of 9178?
2, 13, 353
List the prime factors of 1533.
3, 7, 73
List the prime factors of 66336.
2, 3, 691
What are the prime factors of 2631?
3, 877
List the prime factors of 14591.
14591
List the prime factors of 1783.
1783
What are the prime factors of 41286?
2, 3, 7, 983
List the prime factors of 49914.
2, 3, 47, 59
List the prime factors of 2189.
11, 199
List the prime factors of 764.
2, 191
List the prime factors of 720.
2, 3, 5
List the prime factors of 55861.
13, 4297
List the prime factors of 4388.
2, 1097
What are the prime factors of 94668?
2, 3, 7, 23
List the prime factors of 3202.
2, 1601
List the prime factors of 587.
587
List the prime factors of 727.
727
What are the prime factors of 17875?
5, 11, 13
List the prime factors of 1000.
2, 5
List the prime factors of 6741.
3, 7, 107
List the prime factors of 58117.
89, 653
What are the prime factors of 173?
173
List the prime factors of 102321.
3, 11369
List the prime factors of 81591.
3, 27197
List the prime factors of 1866.
2, 3, 311
List the prime factors of 3432.
2, 3, 11, 13
List the prime factors of 9853.
59, 167
List the prime factors of 22532.
2, 43, 131
List the prime factors of 2830.
2, 5, 283
What are the prime factors of 1465?
5, 293
What are the prime factors of 155152?
2, 9697
List the prime factors of 9725.
5, 389
What are the prime factors of 17252?
2, 19, 227
What are the prime factors of 828?
2, 3, 23
What are the prime factors of 1299?
3, 433
List the prime factors of 3241.
7, 463
What are the prime factors of 1087?
1087
What are the prime factors of 329?
7, 47
What are the prime factors of 1377?
3, 17
What are the prime factors of 1369?
37
What are the prime factors of 2960?
2, 5, 37
What are the prime factors of 2624?
2, 41
What are the prime factors of 3493?
7, 499
What are the prime factors of 41969?
41969
What are the prime factors of 2109?
3, 19, 37
What are the prime factors of 4931?
4931
List the prime factors of 8605.
5, 1721
List the prime factors of 20737.
89, 233
What are the prime factors of 12161?
12161
List the prime factors of 2704.
2, 13
List the prime factors of 80845.
5, 19, 23, 37
List the prime factors of 33229.
7, 47, 101
What are the prime factors of 614?
2, 307
What are the prime factors of 57564?
2, 3, 13, 41
List the prime factors of 5873.
7, 839
List the prime factors of 42489.
3, 4721
What are the prime factors of 192?
2, 3
List the prime factors of 382.
2, 191
What are the prime factors of 17557?
97, 181
What are the prime factors of 668?
2, 167
List the prime factors of 3461.
3461
What are the prime factors of 3614?
2, 13, 139
List the prime factors of 30200.
2, 5, 151
What are the prime factors of 62002?
2, 29, 1069
List the prime factors of 103113.
3, 19, 67
List the prime factors of 3318.
2, 3, 7, 79
What are the prime factors of 11776?
2, 23
What are the prime factors of 2033?
19, 107
List the prime factors of 3725.
5, 149
List the prime factors of 1529.
11, 139
What are the prime factors of 827?
827
What are the prime factors of 58997?
58997
What are the prime factors of 20496?
2, 3, 7, 61
What are the prime factors of 43813?
7, 11, 569
What are the prime factors of 942?
2, 3, 157
List the prime factors of 816.
2, 3, 17
What are the prime factors of 111847?
111847
List the prime factors of 545.
5, 109
What are the prime factors of 967?
967
List the prime factors of 213.
3, 71
List the prime factors of 4336.
2, 271
What are the prime factors of 589?
19, 31
What are the prime factors of 3197?
23, 139
What are the prime factors of 10786?
2, 5393
What are the prime factors of 11480?
2, 5, 7, 41
What are the prime factors of 61110?
2, 3, 5, 7, 97
List the prime factors of 1126.
2, 563
List the prime factors of 62027.
7, 8861
List the prime factors of 13776.
2, 3, 7, 41
List the prime factors of 7534.
2, 3767
List the prime factors of 1836.
2, 3, 17
List the prime factors of 677.
677
What are the prime factors of 2850?
2, 3, 5, 19
What are the prime factors of 2576?
2, 7, 23
List the prime factors of 924.
2, 3, 7, 11
List the prime factors of 77811.
3, 37, 701
List the prime factors of 6524.
2, 7, 233
List the prime factors of 1037.
17, 61
List the prime factors of 9830.
2, 5, 983
List the prime factors of 8960.
2, 5, 7
What are the prime factors of 1506?
2, 3, 251
What are the prime factors of 6189?
3, 2063
What are the prime factors of 90466?
2, 45233
List the prime factors of 2035.
5, 11, 37
List the prime factors of 2970.
2, 3, 5, 11
List the prime factors of 467.
467
List the prime factors of 710.
2, 5, 71
What are the prime factors of 171830?
2, 5, 17183
List the prime factors of 3915.
3, 5, 29
List the prime factors of 2028.
2, 3, 13
List the prime factors of 4431.
3, 7, 211
List the prime factors of 7495.
5, 1499
List the prime factors of 3284.
2, 821
List the prime factors of 24002.
2, 11, 1091
List the prime factors of 2115.
3, 5, 47
What are the prime factors of 32212?
2, 8053
List the prime factors of 2942.
2, 1471
List the prime factors of 95997.
3, 11, 2909
List the prime factors of 469.
7, 67
List the prime factors of 1172.
2, 293
List the prime factors of 4315.
5, 863
What are the prime factors of 8592?
2, 3, 179
What are the prime factors of 1750?
2, 5, 7
What are the prime factors of 2183?
37, 59
List the prime factors of 390.
2, 3, 5, 13
What are the prime factors of 6053?
6053
What are the prime factors of 111854?
2, 55927
What are the prime factors of 40085?
5, 8017
List the prime factors of 1154.
2, 577
List the prime factors of 3879.
3, 431
What are the prime factors of 99?
3, 11
What are the prime factors of 2998?
2, 1499
List the prime factors of 12519.
3, 13, 107
List the prime factors of 9810.
2, 3, 5, 109
What are the prime factors of 19583?
19583
What are the prime factors of 3375?
3, 5
List the prime factors of 29702.
2, 14851
What are the prime factors of 1676?
2, 419
What are the prime factors of 2785?
5, 557
What are the prime factors of 56292?
2, 3, 4691
List the prime factors of 728.
2, 7, 13
List the prime factors of 958.
2, 479
List the prime factors of 547.
547
List the prime factors of 1013.
1013
What are the prime factors of 400?
2, 5
What are the prime factors of 135?
3, 5
List the prime factors of 3013.
23, 131
List the prime factors of 4623.
3, 23, 67
What are the prime factors of 8236?
2, 29, 71
What are the prime factors of 124986?
2, 3, 37, 563
List the prime factors of 143.
11, 13
What are the prime factors of 17557?
97, 181
List the prime factors of 23831.
23831
What are the prime factors of 269?
269
What are the prime factors of 35144?
2, 23, 191
What are the prime factors of 691?
691
List the prime factors of 4505.
5, 17, 53
List the prime factors of 3939.
3, 13, 101
List the prime factors of 61732.
2, 11, 23, 61
List the prime factors of 1688.
2, 211
List the prime factors of 1759.
1759
What are the prime factors of 10844?
2, 2711
What are the prime factors of 23653?
7, 31, 109
What are the prime factors of 32999?
32999
List the prime factors of 29772.
2, 3, 827
List the prime factors of 45082.
2, 22541
What are the prime factors of 15186?
2, 3, 2531
What are the prime factors of 14719?
41, 359
List the prime factors of 863.
863
What are the prime factors of 22846?
2, 11423
List the prime factors of 955.
5, 191
What are the prime factors of 421?
421
What are the prime factors of 30069?
3, 13, 257
What are the prime factors of 63291?
3, 17, 73
List the prime factors of 7397.
13, 569
List the prime factors of 578.
2, 17
What are the prime factors of 1647?
3, 61
What are the prime factors of 30128?
2, 7, 269
List the prime factors of 442.
2, 13, 17
List the prime factors of 2635.
5, 17, 31
List the prime factors of 782.
2, 17, 23
List the prime factors of 16353.
3, 23, 79
List the prime factors of 29320.
2, 5, 733
What are the prime factors of 1946?
2, 7, 139
What are the prime factors of 22561?
7, 11, 293
What are the prime factors of 36533?
7, 17, 307
What are the prime factors of 117961?
179, 659
What are the prime factors of 43522?
2, 47, 463
List the prime factors of 8099.
7, 13, 89
List the prime factors of 94905.
3, 5, 19, 37
What are the prime factors of 154?
2, 7, 11
What are the prime 